 (base 3) to base 11
-729
What is -111010101001 (base 2) in base 5?
-110003
What is 35728 (base 9) in base 5?
1231141
Convert -16144 (base 8) to base 6.
-53352
424141 (base 5) to base 14
52d2
What is c14 (base 15) in base 5?
41334
2212 (base 7) to base 12
561
11001010110 (base 2) to base 16
656
What is 32c8 (base 16) in base 13?
5bc0
What is -12403 (base 5) in base 3?
-1100020
Convert 2525 (base 10) to base 8.
4735
What is -156133 (base 8) in base 12?
-2878b
Convert -10000001110011 (base 2) to base 9.
-12350
What is 6062 (base 9) in base 3?
20002002
Convert -2200103 (base 4) to base 2.
-10100000010011
4005 (base 6) to base 11
720
Convert -e5 (base 16) to base 4.
-3211
What is 4b9 (base 12) in base 10?
717
What is a5 (base 15) in base 7?
311
-3b0 (base 14) to base 2
-1011100110
Convert 222222012 (base 3) to base 7.
111215
What is -1554 (base 8) in base 4?
-31230
-3414043 (base 5) to base 13
-21718
-1000000 (base 3) to base 13
-441
Convert -4630 (base 7) to base 14.
-887
-99b8 (base 14) to base 12
-134a6
What is -100001111001 (base 2) in base 5?
-32134
What is 111100100101 (base 2) in base 8?
7445
Convert -10311 (base 4) to base 14.
-181
Convert -7c18 (base 13) to base 10.
-17428
-5a6 (base 14) to base 3
-1112201
23414 (base 10) to base 15
6e0e
What is -2530 (base 6) in base 13?
-396
311 (base 11) to base 15
1a0
What is -1231 (base 7) in base 16?
-1cf
What is 1abc5 (base 13) in base 10?
52551
What is 412202 (base 5) in base 11?
a0a7
Convert -1525 (base 9) to base 4.
-102011
Convert 102202 (base 3) to base 11.
269
Convert 1fd2 (base 16) to base 15.
2631
2141 (base 9) to base 5
22301
What is -1028 (base 11) in base 13?
-809
11100111000111 (base 2) to base 5
433131
Convert -110001010100101 (base 2) to base 12.
-12745
What is 32b1 (base 12) in base 7?
22225
-447 (base 9) to base 5
-2432
Convert -1121110 (base 3) to base 4.
-102111
Convert -14512 (base 7) to base 5.
-112102
Convert 145064 (base 7) to base 10.
28172
What is -2246 (base 7) in base 14?
-426
What is 8033 (base 11) in base 8?
24674
Convert 202010 (base 3) to base 8.
1037
Convert -610 (base 8) to base 11.
-327
-2002 (base 6) to base 3
-121002
Convert -107 (base 12) to base 2.
-10010111
What is -20033222 (base 4) in base 8?
-101752
What is 584 (base 11) in base 16?
2b9
Convert -91b0 (base 16) to base 8.
-110660
1114 (base 11) to base 16
5bb
Convert -33 (base 11) to base 15.
-26
-231544 (base 6) to base 3
-1000020201
What is 351130 (base 6) in base 7?
153456
What is 3641 (base 8) in base 16?
7a1
What is -1010102 (base 4) in base 13?
-1cb2
Convert 1526 (base 7) to base 14.
316
What is -3345 (base 6) in base 4?
-30101
54002 (base 6) to base 2
1110010110010
What is -11110111001 (base 2) in base 7?
-5523
-1573 (base 8) to base 11
-740
Convert -1382 (base 15) to base 11.
-3153
-3d1 (base 16) to base 6
-4305
Convert -33729 (base 10) to base 7.
-200223
Convert -121310 (base 7) to base 5.
-1201411
20192 (base 14) to base 12
38798
b7c (base 13) to base 7
5502
2330132 (base 4) to base 6
131502
Convert 315133 (base 6) to base 12.
12aa9
-74 (base 16) to base 14
-84
Convert 6289 (base 16) to base 15.
771a
What is -13243 (base 5) in base 7?
-3062
Convert 20210 (base 3) to base 15.
c3
Convert -202322 (base 4) to base 8.
-4272
-365 (base 11) to base 16
-1b2
637 (base 8) to base 14
219
What is 3014 (base 5) in base 11?
31a
Convert 219 (base 15) to base 3.
122120
What is 34123 (base 7) in base 13?
3c19
Convert -3b2 (base 14) to base 13.
-453
793 (base 11) to base 8
1665
What is 6ae (base 16) in base 4?
122232
10a70 (base 13) to base 14
b0b4
What is -4b5 (base 12) in base 7?
-2036
-12006 (base 7) to base 8
-6025
-3b6 (base 15) to base 5
-11341
Convert -113100 (base 4) to base 15.
-693
Convert 1000121 (base 3) to base 13.
454
What is -5ab8 (base 13) in base 2?
-11001000011010
What is -24a (base 14) in base 11?
-387
220211 (base 3) to base 4
22132
50b (base 13) to base 5
11411
10100100010 (base 2) to base 12
916
3578 (base 9) to base 4
221213
What is 27045 (base 8) in base 4?
2320211
What is -1401 (base 6) in base 3?
-111101
-1011001000 (base 2) to base 16
-2c8
What is -15740 (base 10) in base 14?
-5a44
What is 1001011010110 (base 2) in base 13?
226c
Convert -20221 (base 7) to base 12.
-2a17
-3625 (base 11) to base 13
-2211
Convert -918 (base 14) to base 6.
-12134
What is 122211 (base 3) in base 9?
584
What is 2613 (base 7) in base 2?
1111011110
Convert -4050 (base 6) to base 13.
-53a
Convert -8153 (base 10) to base 14.
-2d85
What is 2040 (base 8) in base 10?
1056
Convert -100001001000011 (base 2) to base 11.
-11821
615 (base 8) to base 12
291
What is -587 (base 10) in base 3?
-210202
What is -33573 (base 8) in base 5?
-423303
-5258 (base 10) to base 3
-21012202
Convert 221 (base 13) to base 4.
11231
-639 (base 15) to base 16
-57c
What is 112101 (base 3) in base 2?
110000100
24ba7 (base 13) to base 3
10110011001
What is -1695 (base 11) in base 4?
-201301
-23935 (base 10) to base 14
-8a19
23375 (base 9) to base 5
444440
-44132 (base 7) to base 13
-504b
What is -8075 (base 10) in base 3?
-102002002
What is 754 (base 14) in base 10?
1446
236 (base 10) to base 11
1a5
-11000 (base 4) to base 10
-320
Convert 3133 (base 9) to base 14.
ba2
What is 160 (base 16) in base 6?
1344
Convert -4c8e (base 15) to base 4.
-3333032
-624b (base 15) to base 8
-50443
Convert -14521 (base 6) to base 13.
-10c0
Convert 10c2a (base 14) to base 6.
512530
10110011010 (base 2) to base 14
746
-376a (base 13) to base 3
-101210012
What is 133 (base 9) in base 15?
76
-428 (base 15) to base 13
-572
Convert -323 (base 8) to base 4.
-3103
101 (base 10) to base 4
1211
-111021 (base 3) to base 10
-358
What is -14883 (base 9) in base 6?
-115120
249 (base 12) to base 4
11121
What is -22013 (base 4) in base 15?
-2d2
What is -2a4 (base 11) in base 3?
-111012
-2735 (base 8) to base 11
-1145
What is -4a (base 12) in base 16?
-3a
What is -101011101 (base 2) in base 11?
-298
Convert -211111 (base 3) to base 15.
-2a7
-3875 (base 13) to base 7
-32303
320561 (base 7) to base 11
38785
What is -18852 (base 9) in base 16?
-3320
211001 (base 5) to base 3
100121022
What is -620 (base 12) in base 7?
-2406
-43e (base 16) to base 6
-5010
17 (base 12) to base 3
201
-42882 (base 10) to base 14
-118b0
Convert -5698 (base 13) to base 3.
-121122001
Convert 3050 (base 6) to base 9.
833
Convert -300 (base 6) to base 10.
-108
-1a55 (base 12) to base 4
-302201
What is -651 (base 8) in base 12?
-2b5
What is 101221022 (base 3) in base 7?
32150
What is 464c (base 13) in base 2?
10011010001010
-a78 (base 12) to base 7
-4316
What is -4062 (base 10) in base 11?
-3063
What is 2466 (base 10) in base 8?
4642
What is -4392a (base 11) in base 13?
-22ca4
-564 (base 10) to base 12
-3b0
-88 (base 11) to base 3
-10120
What is 114330 (base 6) in base 13?
4770
Convert 27513 (base 8) to base 10.
12107
Convert -12285 (base 10) to base 12.
-7139
Convert 14461 (base 7) to base 3.
12111121
-1101212 (base 3) to base 13
-608
What is 4313332 (base 5) in base 2?
10001110100000111
101001100 (base 2) to base 6
1312
What is 1022212 (base 3) in base 10?
968
What is 144042 (base 5) in base 15?
1c4c
-51240 (base 6) to base 10
-6792
What is 4413 (base 6) in base 15?
47c
-115225 (base 6) to base 14
-3a37
4a3 (base 15) to base 5
13203
Convert -322b (base 13) to base 8.
-15466
32101 (base 4) to base 9
1224
What is 3204 (base 5) in base 4?
12231
Convert -2121 (base 4) to base 16.
-99
What is -1065 (base 11) in base 9?
-1827
What is 394 (base 12) in base 15?
264
What is 1c (base 14) in base 6?
42
1312102 (base 4) to base 2
1110110010010
110120 (base 3) to base 13
201
What is -31000132 (base 4) in base 12?
-269ba
What is -4241 (base 5) in base 6?
-2351
What is 6369 (base 14) in base 2?
100001011111001
Convert -22028 (base 11) to base 5.
-2010344
Convert 31320 (base 8) to base 10.
13008
331 (base 12) to base 10
469
What is 359 (base 10) in base 9?
438
1664 (base 10) to base 5
23124
What is -5042 (base 7) in base 4?
-123101
Convert 1010111110010 (base 2) to base 6.
42002
Convert -1262 (base 7) to base 10.
-485
Convert 202313 (base 4) to base 5.
32411
What is -1744 (base 8) in base 3?
-1100220
What is -100001011 (base 2) in base 15?
-12c
What is 7970 (base 11) in base 14?
3b6b
What is 53030 (base 8) in base 6?
250